hat is 1 - 1000221012?
-1000221011
In base 4, what is 130120 + 1102?
131222
In base 8, what is -2547226 + -1?
-2547227
In base 6, what is -5 - -204135?
204130
In base 15, what is 204 + 1b8?
3bc
In base 10, what is 5 - 10721?
-10716
In base 11, what is -185 + -722?
-8a7
In base 15, what is 336 + -29?
30c
In base 14, what is 5a + -a7c?
-a22
In base 4, what is -100301 + 123103?
22202
In base 10, what is -116 + -1378?
-1494
In base 11, what is -1 + -38916?
-38917
In base 8, what is -3 - 23477?
-23502
In base 15, what is -1b56c - -4?
-1b568
In base 4, what is 320 + 20211?
21131
In base 8, what is -4 + 4640?
4634
In base 2, what is 101100010010001000 - 10?
101100010010000110
In base 16, what is 1b - 4c3c?
-4c21
In base 3, what is -1011 - -100200012?
100122001
In base 10, what is 5209 - 59?
5150
In base 7, what is 425502 + -3?
425466
In base 6, what is 0 + 213245?
213245
In base 9, what is 7 - 16760?
-16752
In base 16, what is -54 - 3e?
-92
In base 7, what is -214 + -3215?
-3432
In base 4, what is -223223 + -13?
-223302
In base 15, what is 7844 + -2?
7842
In base 2, what is 110001101101110001001 + 101?
110001101101110001110
In base 2, what is 1100 - 1010010010010?
-1010010000110
In base 11, what is -22 + -1277?
-1299
In base 2, what is -1001 + -101001110100111?
-101001110110000
In base 7, what is 1024650 - -2?
1024652
In base 5, what is 4 - 10424310?
-10424301
In base 16, what is -59e + -6?
-5a4
In base 10, what is -6824 - 0?
-6824
In base 14, what is -43116 + 3?
-43113
In base 14, what is -2273ca + 4?
-2273c6
In base 4, what is -1221311 - 0?
-1221311
In base 10, what is 27 + -154379?
-154352
In base 4, what is 121031303 - -1002?
121032311
In base 3, what is -21221 + 122?
-21022
In base 2, what is 1010100101001001000000 - 0?
1010100101001001000000
In base 7, what is 42252 - -15?
42300
In base 14, what is -305476 + 0?
-305476
In base 8, what is 2373601 + 2?
2373603
In base 7, what is 12 - -34245?
34260
In base 16, what is c2d6 + -2?
c2d4
In base 3, what is -10 + 222220111?
222220101
In base 10, what is -6 + -4957?
-4963
In base 2, what is -101 - -1011110111111001?
1011110111110100
In base 14, what is -29b8 - 2?
-29ba
In base 12, what is 13 - 8060?
-8049
In base 11, what is -279952 - 2?
-279954
In base 12, what is 1 - 37b35?
-37b34
In base 10, what is 1007 + 230?
1237
In base 5, what is -12011124 - 4?
-12011133
In base 3, what is 12001012 + 2102110?
21110122
In base 3, what is -2010022 + 11?
-2010011
In base 13, what is 234957 + -4?
234953
In base 11, what is 18273 + 10?
18283
In base 7, what is 1624 + -10430?
-5503
In base 12, what is 120 + -1007?
-aa7
In base 14, what is 1a45 - -103?
1b48
In base 12, what is -427 + -9a?
-505
In base 15, what is 2dd3 + 10?
2de3
In base 11, what is 86 - aa?
-24
In base 11, what is 19866 + 124?
1998a
In base 6, what is -3 + -414204?
-414211
In base 5, what is -1201 - -311?
-340
In base 13, what is -179 + -2113?
-228c
In base 4, what is -3 + -12202332?
-12203001
In base 4, what is 2023320 + 12?
2023332
In base 5, what is 11010 - 1?
11004
In base 8, what is 74135 + 105?
74242
In base 15, what is -339 + 82?
-2a7
In base 4, what is -21001031 + 2222?
-20332203
In base 7, what is -2 + 3026?
3024
In base 4, what is 21011322 - -11?
21011333
In base 12, what is -19 - 561?
-57a
In base 4, what is -12011 - -111320?
33303
In base 4, what is 31122303 - -11?
31122320
In base 9, what is 1046 + 86?
1143
In base 14, what is -3c0c + 8?
-3c04
In base 14, what is -23321 + -4?
-23325
In base 7, what is 20354 - 1?
20353
In base 8, what is 12316 - -137?
12455
In base 5, what is -32310 - 43?
-32403
In base 16, what is 44f - -12?
461
In base 6, what is -13 - 3312?
-3325
In base 10, what is 382 - 36?
346
In base 3, what is -11020201102021 - 10?
-11020201102101
In base 16, what is 11 + -1f88?
-1f77
In base 9, what is -5420 - -8?
-5411
In base 3, what is -2020011022 - 10?
-2020011102
In base 2, what is 1001110 + 11100?
1101010
In base 16, what is -5 - 1efd2?
-1efd7
In base 6, what is 40 + -3202053?
-3202013
In base 16, what is -263e - 13a?
-2778
In base 3, what is 121021022210 + -11?
121021022122
In base 5, what is -11 + 243132?
243121
In base 12, what is -4 + -6721?
-6725
In base 13, what is -1cc617 + -5?
-1cc61c
In base 14, what is 3 - -1225?
1228
In base 13, what is 4bc + -3b?
481
In base 13, what is 4 + 30031?
30035
In base 3, what is 1211111 - 1210?
1202201
In base 6, what is -42142 + 31?
-42111
In base 2, what is 11000101001 + 110001001?
11110110010
In base 13, what is 35 - 5c70?
-5c38
In base 15, what is 6e - 717?
-698
In base 9, what is 41883 + 8?
42002
In base 10, what is -15 + 32313?
32298
In base 7, what is -121301 + 61?
-121210
In base 13, what is 27050 - -2?
27052
In base 13, what is 22a5 - b?
2297
In base 8, what is -3 + 26335?
26332
In base 16, what is 0 + 12ee?
12ee
In base 8, what is 6417 + 5?
6424
In base 3, what is 2202 - 0?
2202
In base 16, what is -13 + -5dc?
-5ef
In base 12, what is 9 - -10b60?
10b69
In base 9, what is -54 + -142?
-206
In base 16, what is 1b - 795?
-77a
In base 10, what is 0 + 247809?
247809
In base 6, what is 5233 - 150?
5043
In base 4, what is 11 + 2023031?
2023102
In base 6, what is -1133523 - 3?
-1133530
In base 15, what is -21802 - 4?
-21806
In base 9, what is 0 - 1020448?
-1020448
In base 12, what is 3 + 5088?
508b
In base 13, what is 5 + 13967c?
139684
In base 11, what is -18963 + -9?
-18971
In base 13, what is 292 - 339c?
-310a
In base 15, what is 132e1 - -5?
132e6
In base 3, what is 212101120 - -10?
212101200
In base 8, what is -3 - 1531121?
-1531124
In base 7, what is 5 + 44613?
44621
In base 8, what is -21335 - -11?
-21324
In base 16, what is 179 + -48c?
-313
In base 12, what is 4234 - a4?
4150
In base 12, what is 263a3 - 4?
2639b
In base 15, what is -6ddc4 + -5?
-6ddc9
In base 16, what is -ac3d9 - -5?
-ac3d4
In base 13, what is -17b17 - 1?
-17b18
In base 7, what is -135265 - 2?
-135300
In base 13, what is -432ac6 - 2?
-432ac8
In base 3, what is -10 - 11100202002?
-11100202012
In base 3, what is -122002 - -100220100?
100021021
In base 10, what is 2 - 279?
-277
In base 14, what is 258b1 + 5?
258b6
In base 10, what is -5716 + 32?
-5684
In base 6, what is 25 + -234?
-205
In base 10, what is 205 + 5814?
6019
In base 4, what is -122202 + 302230?
120022
In base 2, what is -10110 + -11010000010?
-11010011000
In base 9, what is 55 + -26?
28
In base 3, what is 1002012 - 2010002?
-1000220
In base 4, what is 12203 - 210103?
-131300
In base 15, what is -149 - 18a?
-2d4
In base 4, what is -30 + -131300?
-131330
In base 4, what is -12131212 - -1122?
-12130030
In base 10, what is -7789 + 242?
-7547
In base 7, what is 531254 + -1?
531253
In base 10, what is -3032 - 36?
-3068
In base 16, what is 2 + -3e2?
-3e0
In base 16, what is -20c + -e?
-21a
In base 9, what is -2145 - 47?
-2203
In base 7, what is 5342 - -201?
5543
In base 5, what is 113 + 121321?
121434
In base 14, what is d3 + 91d?
a12
In base 11, what is -2 + 771801?
7717aa
In base 8, what is -6404 + 102?
-6302
In base 12, what is 7245a + 0?
7245a
In base 5, what is 0 + -20143100?
-20143100
In base 16, what is -d + 136bc?
136af
In base 2, what is -111 - -100001100011111?
100001100011000
In base 10, what is -184082 + -4?
-184086
In base 15, what is -18 - -129?
111
In base 5, what is -110331 - 242?
-111123
In base 5, what is -20 - 2041142?
-2041212
In base 7, what is 10550 - 15?
10532
In base 11, what is -12260 + 4?
-12257
In base 15, what is 3 - 2ca5?
-2ca2
In base 6, what is 310402 + -420?
305542
In base 10, what is 174 - 1326?
-1152
In base 11, what is 283 - -1556?
1829
In base 7, what is -6110 - 0?
-6110
In base 14, what is -10b + -88?
-195
In base 7, what is -6553 + 632?
-5621
In base 12, what is -5 - -b0a69?
b0a64
In base 5, what is -2 - -330403?
330401
In base 7, what is -15105 - -31?
-15044
In base 7, what is 5 + 66102?
66110
In base 13, what is -12 - -21a9?
2197
In base 14, what is -51 - -146?
d5
In base 6, what is 5 - -3122?
3131
In base 16, what is 12390 + -5?
1238b
In base 6, what is -44220430 - 1?
-44220431
In base 13, what is -22aa0 - -6?
-22a97
In base 16, what is 2 - -1f16?
1f18
In base 2, what is 111100001110011110 - -1011?
111100001110101001
In base 14, what is 5092ac + -2?
5092aa
In base 16, what is fa6 - 69?
f3d
In base 15, what is -be4